e 16
-2d
Convert -2 (base 16) to base 15.
-2
Convert -7 (base 14) to base 4.
-13
0 (base 4) to base 14
0
-12 (base 14) to base 13
-13
0 (base 10) to base 3
0
-70 (base 9) to base 3
-2100
25 (base 6) to base 11
16
What is b (base 16) in base 7?
14
Convert -74 (base 16) to base 7.
-224
-5 (base 11) to base 7
-5
-254 (base 9) to base 8
-323
What is 18 (base 13) in base 4?
111
Convert 3 (base 9) to base 16.
3
Convert 100101 (base 2) to base 13.
2b
What is -211 (base 4) in base 7?
-52
4 (base 14) to base 16
4
Convert -83 (base 15) to base 8.
-173
-111 (base 2) to base 14
-7
What is 23 (base 8) in base 5?
34
101 (base 3) to base 7
13
Convert 101 (base 2) to base 16.
5
What is -49 (base 10) in base 2?
-110001
-27 (base 13) to base 4
-201
Convert 12 (base 7) to base 3.
100
4 (base 12) to base 3
11
Convert -9 (base 15) to base 9.
-10
Convert 12 (base 6) to base 3.
22
1 (base 3) to base 4
1
What is -1 (base 13) in base 5?
-1
Convert 3 (base 16) to base 10.
3
-15 (base 10) to base 3
-120
What is 41 (base 11) in base 6?
113
Convert -10000 (base 2) to base 10.
-16
-1 (base 12) to base 6
-1
What is -103 (base 4) in base 2?
-10011
1 (base 4) to base 13
1
What is -212 (base 9) in base 2?
-10101101
12 (base 11) to base 2
1101
210 (base 8) to base 7
253
-1131 (base 5) to base 9
-204
-1 (base 9) to base 10
-1
Convert 216 (base 11) to base 10.
259
What is 23 (base 5) in base 11?
12
28 (base 12) to base 5
112
Convert 144 (base 5) to base 6.
121
-222 (base 4) to base 9
-46
What is -1 (base 15) in base 12?
-1
Convert -2 (base 10) to base 8.
-2
22 (base 6) to base 5
24
Convert -43 (base 11) to base 3.
-1202
What is -26 (base 15) in base 3?
-1100
Convert 22 (base 5) to base 3.
110
-11 (base 11) to base 8
-14
Convert -20 (base 5) to base 14.
-a
Convert -1d (base 16) to base 2.
-11101
-54 (base 16) to base 14
-60
17 (base 9) to base 11
15
What is 11 (base 8) in base 15?
9
Convert -25 (base 8) to base 7.
-30
-57 (base 11) to base 7
-116
What is -22a (base 11) in base 2?
-100010010
2 (base 15) to base 5
2
1 (base 9) to base 12
1
49 (base 13) to base 8
75
What is 4 (base 10) in base 6?
4
-7 (base 8) to base 4
-13
What is 11 (base 3) in base 10?
4
Convert 40 (base 11) to base 3.
1122
What is 111 (base 7) in base 12?
49
Convert -234 (base 5) to base 7.
-126
-166 (base 8) to base 15
-7d
Convert -1140 (base 6) to base 15.
-136
-7 (base 11) to base 13
-7
Convert 1211 (base 3) to base 9.
54
Convert -2 (base 7) to base 6.
-2
What is 11 (base 4) in base 15?
5
Convert -11 (base 4) to base 16.
-5
-23 (base 9) to base 8
-25
Convert 0 (base 11) to base 14.
0
Convert -15 (base 12) to base 2.
-10001
Convert -21 (base 8) to base 10.
-17
34 (base 13) to base 15
2d
2101 (base 4) to base 13
b2
Convert -b (base 12) to base 11.
-10
What is -2 (base 15) in base 4?
-2
Convert 3 (base 10) to base 5.
3
15 (base 8) to base 15
d
What is 21220 (base 3) in base 7?
423
76 (base 12) to base 16
5a
7 (base 8) to base 15
7
Convert -1 (base 12) to base 9.
-1
What is 34 (base 9) in base 10?
31
Convert 19 (base 11) to base 4.
110
What is 4 (base 13) in base 2?
100
fd (base 16) to base 15
11d
Convert -2 (base 4) to base 3.
-2
What is -66 (base 14) in base 7?
-156
-101 (base 2) to base 15
-5
What is 1 (base 7) in base 6?
1
-37 (base 8) to base 6
-51
Convert 3 (base 9) to base 5.
3
What is -2 (base 15) in base 3?
-2
What is 11 (base 14) in base 5?
30
What is -1022 (base 5) in base 9?
-162
Convert 15 (base 6) to base 4.
23
What is 25 (base 9) in base 14?
19
1b7 (base 13) to base 8
477
Convert -111 (base 12) to base 6.
-421
-22 (base 5) to base 6
-20
What is 123 (base 11) in base 8?
222
Convert -1 (base 6) to base 16.
-1
Convert 1 (base 16) to base 5.
1
Convert 1010 (base 2) to base 3.
101
100001 (base 2) to base 12
29
What is -51 (base 8) in base 6?
-105
Convert 13 (base 10) to base 16.
d
2 (base 15) to base 12
2
Convert -24 (base 14) to base 3.
-1012
199 (base 10) to base 13
124
What is -303 (base 4) in base 13?
-3c
What is 15 (base 9) in base 10?
14
Convert 16 (base 15) to base 10.
21
Convert 13 (base 11) to base 3.
112
What is -18 (base 14) in base 13?
-19
2110 (base 4) to base 8
224
Convert c (base 15) to base 14.
c
Convert -32 (base 4) to base 5.
-24
b4 (base 16) to base 10
180
33 (base 11) to base 6
100
Convert -10002 (base 3) to base 14.
-5d
Convert -15 (base 10) to base 12.
-13
What is -21 (base 4) in base 3?
-100
Convert 19 (base 14) to base 3.
212
Convert f (base 16) to base 5.
30
-84 (base 15) to base 12
-a4
-12 (base 7) to base 2
-1001
What is 3 (base 12) in base 9?
3
-10 (base 4) to base 7
-4
Convert 10 (base 5) to base 13.
5
115 (base 6) to base 4
233
19 (base 15) to base 3
220
Convert 9b (base 15) to base 6.
402
Convert -7 (base 16) to base 14.
-7
Convert 2 (base 6) to base 13.
2
What is 1011 (base 3) in base 4?
133
-7 (base 12) to base 10
-7
Convert 2 (base 5) to base 4.
2
What is -4 (base 12) in base 16?
-4
21 (base 5) to base 11
10
Convert -12121 (base 3) to base 13.
-b8
Convert 221 (base 6) to base 11.
78
-1d (base 15) to base 11
-26
What is -2021 (base 3) in base 15?
-41
-4 (base 7) to base 16
-4
Convert 22 (base 4) to base 5.
20
What is 128 (base 12) in base 15?
bb
What is 10 (base 10) in base 9?
11
-11101011 (base 2) to base 12
-177
Convert 221 (base 7) to base 2.
1110001
Convert 8 (base 15) to base 8.
10
Convert 2333 (base 4) to base 10.
191
b (base 13) to base 15
b
What is -111 (base 14) in base 10?
-211
-13 (base 7) to base 16
-a
-1 (base 15) to base 8
-1
What is 2 (base 7) in base 16?
2
What is -c (base 16) in base 6?
-20
What is -1121 (base 4) in base 16?
-59
Convert 12 (base 4) to base 12.
6
Convert -37 (base 10) to base 5.
-122
What is a (base 12) in base 13?
a
Convert -36 (base 9) to base 15.
-23
-5 (base 6) to base 3
-12
2 (base 8) to base 5
2
Convert 4 (base 14) to base 2.
100
What is 5a (base 14) in base 10?
80
9 (base 11) to base 3
100
What is -112 (base 3) in base 4?
-32
Convert 27 (base 13) to base 16.
21
2 (base 12) to base 2
10
What is 3 (base 9) in base 6?
3
Convert 8 (base 9) to base 7.
11
10100 (base 2) to base 7
26
5 (base 14) to base 6
5
What is 100 (base 3) in base 6?
13
Convert -100 (base 4) to base 10.
-16
Convert 3 (base 13) to base 11.
3
-414 (base 6) to base 14
-b0
Convert -2223 (base 5) to base 6.
-1241
What is 1 (base 5) in base 4?
1
What is -10 (base 10) in base 15?
-a
Convert 1 (base 6) to base 5.
1
141 (base 6) to base 7
115
213 (base 4) to base 15
29
Convert 14 (base 16) to base 5.
40
What is -21 (base 9) in base 15?
-14
What is 7 (base 11) in base 10?
7
90 (base 14) to base 12
a6
-6 (base 14) to base 11
-6
What is 1010011 (base 2) in base 13?
65
1123 (base 4) to base 8
133
1010110 (base 2) to base 14
62
Convert 35 (base 11) to base 4.
212
What is -229 (base 13) in base 3?
-111211
What is 5 (base 13) in base 8?
5
111 (base 3) to base 6
21
25 (base 16) to base 15
27
What is -32 (base 15) in base 14?
-35
431 (base 6) to base 7
322
-1 (base 11) to base 12
-1
100101 (base 2) to base 14
29
Convert -221 (base 8) to base 9.
-171
Convert 3 (base 5) to base 12.
3
1 (base 9) to base 7
1
145 (base 16) to base 5
2300
0 (base 6) to base 9
0
20 (base 6) to base 16
c
What is -15 (base 10) in base 9?
-16
Convert -79 (base 16) to base 13.
-94
What is 9f (base 16) in base 6?
423
What is 212 (base 3) in base 15?
18
Convert -b4 (base 16) to base 12.
-130
-126 (base 11) to base 10
-149
20201 (base 3) to base 10
181
1d (base 16) to base 3
1002
1 (base 4) to base 11
1
-1001 (base 4) to base 15
-45
-8 (base 13) to base 15
-8
Convert -1 (base 16) to base 14.
-1
Convert -6 (base 12) to base 3.
-20
What is -3 (base 4) in base 12?
-3
Convert 9 (base 13) to base 2.
1001
10 (base 2) to base 8
2
Convert 144 (base 9) to base 5.
441
Convert 14 (base 6) to base 13.
a
1 (base 15) to base 9
1
Convert -4 (base 6) to base 13.
-4
What is 111 (base 5) in base 2?
11111
What is -10100111 (base 2) in base 14?
-bd
Convert 67 (base 9) to base 12.
51
What is -10 (base 5) in base 12?
-5
Convert 1 (base 10) to base 14.
1
Convert -1101 (base 2) to base 6.
-21
-1 (base 14) to base 7
-1
What is -3 (base 7) in base 14?
-3
What is 22 (base 3) in base 13?
8
Convert 1 (base 7) to base 4.
1
Convert 55 (base 16) to base 7.
151
0 (base 9) to base 4
0
Convert -12 (base 4) to base 5.
-11
What is 4 (base 14) in b